{"id":81,"date":"2020-09-25T19:47:30","date_gmt":"2020-09-25T22:47:30","guid":{"rendered":"http:\/\/monte.gob.ar\/institutosuperior\/?page_id=81"},"modified":"2020-11-17T20:39:43","modified_gmt":"2020-11-17T23:39:43","slug":"plazoleta","status":"publish","type":"page","link":"https:\/\/monte.gob.ar\/institutosuperior\/plazoleta\/","title":{"rendered":"Plazoleta Gral. Mart\u00edn Rodr\u00edguez"},"content":{"rendered":"\t\t<div data-elementor-type=\"wp-page\" data-elementor-id=\"81\" class=\"elementor elementor-81\" data-elementor-settings=\"[]\">\n\t\t\t<div class=\"elementor-inner\">\n\t\t\t\t<div class=\"elementor-section-wrap\">\n\t\t\t\t\t\t\t<section class=\"elementor-element elementor-element-ca53ad6 elementor-section-boxed elementor-section-gap-beside-yes elementor-section-height-default elementor-section-height-default elementor-section-column-vertical-align-stretch elementor-section elementor-top-section\" data-id=\"ca53ad6\" data-element_type=\"section\">\n\t\t\t\t\t\t<div class=\"elementor-container elementor-column-gap-extended\">\n\t\t\t\t<div class=\"elementor-row\">\n\t\t\t\t<div class=\"elementor-element elementor-element-6fcb000 elementor-column elementor-col-50 elementor-top-column\" data-id=\"6fcb000\" data-element_type=\"column\">\n\t\t\t<div class=\"elementor-column-wrap  elementor-element-populated\">\n\t\t\t\t\t<div class=\"elementor-widget-wrap\">\n\t\t\t\t<div class=\"elementor-element elementor-element-963c896 elementor-widget elementor-widget-image\" data-id=\"963c896\" data-element_type=\"widget\" data-widget_type=\"image.default\">\n\t\t\t\t<div class=\"elementor-widget-container\">\n\t\t\t\t\t<div class=\"elementor-image\">\n\t\t\t\t\t\t\t<figure class=\"wp-caption\">\n\t\t\t\t\t\t\t\t\t\t<img width=\"640\" height=\"426\" src=\"https:\/\/monte.gob.ar\/institutosuperior\/wp-content\/uploads\/2020\/10\/Imagen-7.png\" class=\"attachment-large size-large\" alt=\"\" loading=\"lazy\" srcset=\"https:\/\/monte.gob.ar\/institutosuperior\/wp-content\/uploads\/2020\/10\/Imagen-7.png 920w, https:\/\/monte.gob.ar\/institutosuperior\/wp-content\/uploads\/2020\/10\/Imagen-7-300x200.png 300w, https:\/\/monte.gob.ar\/institutosuperior\/wp-content\/uploads\/2020\/10\/Imagen-7-768x511.png 768w\" sizes=\"(max-width: 640px) 100vw, 640px\" \/>\t\t\t\t\t\t\t\t\t\t\t<figcaption class=\"widget-image-caption wp-caption-text\">Monumento dedicado a Daniel Videla Dorna emplazado en 1962.<\/figcaption>\n\t\t\t\t\t\t\t\t\t\t<\/figure>\n\t\t\t\t\t<\/div>\n\t\t\t\t<\/div>\n\t\t\t\t<\/div>\n\t\t\t\t\t\t<\/div>\n\t\t\t<\/div>\n\t\t<\/div>\n\t\t\t\t<div class=\"elementor-element elementor-element-48ab73d elementor-column elementor-col-50 elementor-top-column\" data-id=\"48ab73d\" data-element_type=\"column\">\n\t\t\t<div class=\"elementor-column-wrap  elementor-element-populated\">\n\t\t\t\t\t<div class=\"elementor-widget-wrap\">\n\t\t\t\t<div class=\"elementor-element elementor-element-cabe142 elementor-widget elementor-widget-image\" data-id=\"cabe142\" data-element_type=\"widget\" data-widget_type=\"image.default\">\n\t\t\t\t<div class=\"elementor-widget-container\">\n\t\t\t\t\t<div class=\"elementor-image\">\n\t\t\t\t\t\t\t<figure class=\"wp-caption\">\n\t\t\t\t\t\t\t\t\t\t<img width=\"640\" height=\"426\" src=\"https:\/\/monte.gob.ar\/institutosuperior\/wp-content\/uploads\/2020\/10\/Imagen-8.png\" class=\"attachment-large size-large\" alt=\"\" loading=\"lazy\" srcset=\"https:\/\/monte.gob.ar\/institutosuperior\/wp-content\/uploads\/2020\/10\/Imagen-8.png 920w, https:\/\/monte.gob.ar\/institutosuperior\/wp-content\/uploads\/2020\/10\/Imagen-8-300x200.png 300w, https:\/\/monte.gob.ar\/institutosuperior\/wp-content\/uploads\/2020\/10\/Imagen-8-768x511.png 768w\" sizes=\"(max-width: 640px) 100vw, 640px\" \/>\t\t\t\t\t\t\t\t\t\t\t<figcaption class=\"widget-image-caption wp-caption-text\">Fue Diputado Nacional en 1934 y Ministro de Cultura de la Provincia de Buenos Aires en 1937.  Por su iniciativa se instituye como D\u00eda de la Bandera Argentina el 20 de junio (1938).<\/figcaption>\n\t\t\t\t\t\t\t\t\t\t<\/figure>\n\t\t\t\t\t<\/div>\n\t\t\t\t<\/div>\n\t\t\t\t<\/div>\n\t\t\t\t\t\t<\/div>\n\t\t\t<\/div>\n\t\t<\/div>\n\t\t\t\t\t\t<\/div>\n\t\t\t<\/div>\n\t\t<\/section>\n\t\t\t\t<section class=\"elementor-element elementor-element-0f5ff1f elementor-section-boxed elementor-section-gap-beside-yes elementor-section-height-default elementor-section-height-default elementor-section-column-vertical-align-stretch elementor-section elementor-top-section\" data-id=\"0f5ff1f\" data-element_type=\"section\">\n\t\t\t\t\t\t<div class=\"elementor-container elementor-column-gap-extended\">\n\t\t\t\t<div class=\"elementor-row\">\n\t\t\t\t<div class=\"elementor-element elementor-element-00bbd97 elementor-column elementor-col-100 elementor-top-column\" data-id=\"00bbd97\" data-element_type=\"column\">\n\t\t\t<div class=\"elementor-column-wrap  elementor-element-populated\">\n\t\t\t\t\t<div class=\"elementor-widget-wrap\">\n\t\t\t\t<div class=\"elementor-element elementor-element-d22e35b elementor-widget elementor-widget-image\" data-id=\"d22e35b\" data-element_type=\"widget\" data-widget_type=\"image.default\">\n\t\t\t\t<div class=\"elementor-widget-container\">\n\t\t\t\t\t<div class=\"elementor-image\">\n\t\t\t\t\t\t\t<figure class=\"wp-caption\">\n\t\t\t\t\t\t\t\t\t\t<img width=\"640\" height=\"359\" src=\"https:\/\/monte.gob.ar\/institutosuperior\/wp-content\/uploads\/2020\/10\/Imagen-9.png\" class=\"attachment-large size-large\" alt=\"\" loading=\"lazy\" srcset=\"https:\/\/monte.gob.ar\/institutosuperior\/wp-content\/uploads\/2020\/10\/Imagen-9.png 920w, https:\/\/monte.gob.ar\/institutosuperior\/wp-content\/uploads\/2020\/10\/Imagen-9-300x168.png 300w, https:\/\/monte.gob.ar\/institutosuperior\/wp-content\/uploads\/2020\/10\/Imagen-9-768x431.png 768w\" sizes=\"(max-width: 640px) 100vw, 640px\" \/>\t\t\t\t\t\t\t\t\t\t\t<figcaption class=\"widget-image-caption wp-caption-text\">Fue Intendente de San Miguel del Monte en los per\u00edodos 1914, 1934-1939 y 1942.  Hizo construir el Palacio Municipal, las compuertas de la laguna y encargo la realizaci\u00f3n del escudo local.<\/figcaption>\n\t\t\t\t\t\t\t\t\t\t<\/figure>\n\t\t\t\t\t<\/div>\n\t\t\t\t<\/div>\n\t\t\t\t<\/div>\n\t\t\t\t\t\t<\/div>\n\t\t\t<\/div>\n\t\t<\/div>\n\t\t\t\t\t\t<\/div>\n\t\t\t<\/div>\n\t\t<\/section>\n\t\t\t\t<section class=\"elementor-element elementor-element-1374567 elementor-section-boxed elementor-section-gap-beside-yes elementor-section-height-default elementor-section-height-default elementor-section-column-vertical-align-stretch elementor-section elementor-top-section\" data-id=\"1374567\" data-element_type=\"section\">\n\t\t\t\t\t\t<div class=\"elementor-container elementor-column-gap-extended\">\n\t\t\t\t<div class=\"elementor-row\">\n\t\t\t\t<div class=\"elementor-element elementor-element-aea956b elementor-column elementor-col-100 elementor-top-column\" data-id=\"aea956b\" data-element_type=\"column\">\n\t\t\t<div class=\"elementor-column-wrap\">\n\t\t\t\t\t<div class=\"elementor-widget-wrap\">\n\t\t\t\t\t\t<\/div>\n\t\t\t<\/div>\n\t\t<\/div>\n\t\t\t\t\t\t<\/div>\n\t\t\t<\/div>\n\t\t<\/section>\n\t\t\t\t<section class=\"elementor-element elementor-element-b75d267 elementor-section-boxed elementor-section-gap-beside-yes elementor-section-height-default elementor-section-height-default elementor-section-column-vertical-align-stretch elementor-section elementor-top-section\" data-id=\"b75d267\" data-element_type=\"section\">\n\t\t\t\t\t\t<div class=\"elementor-container elementor-column-gap-extended\">\n\t\t\t\t<div class=\"elementor-row\">\n\t\t\t\t<div class=\"elementor-element elementor-element-d4e28a1 elementor-column elementor-col-100 elementor-top-column\" data-id=\"d4e28a1\" data-element_type=\"column\">\n\t\t\t<div class=\"elementor-column-wrap  elementor-element-populated\">\n\t\t\t\t\t<div class=\"elementor-widget-wrap\">\n\t\t\t\t<div class=\"elementor-element elementor-element-fe186b3 elementor-widget elementor-widget-text-editor\" data-id=\"fe186b3\" data-element_type=\"widget\" data-widget_type=\"text-editor.default\">\n\t\t\t\t<div class=\"elementor-widget-container\">\n\t\t\t\t\t<div class=\"elementor-text-editor elementor-clearfix\"><p style=\"text-align: center;\"><b>PLAZOLETA GRAL. MART\u00cdN RODRIGUEZ<\/b><\/p><p style=\"text-align: center;\"><span style=\"font-weight: 400;\">Se ubica entre las calles Eva Per\u00f3n, Avenida San Mart\u00edn y Petracchi. En un primer momento este cruce de calles termin\u00f3 por generar un espacio triangular vac\u00edo, que se configurar\u00eda en una plazoleta permitiendo ordenar el tr\u00e1nsito.<\/span><\/p><p style=\"text-align: center;\"><span style=\"font-weight: 400;\">Aqu\u00ed se encuentra emplazado el monumento a\u00a0<\/span><span style=\"letter-spacing: 0em;\">Daniel Videla Dorna\u00a0<\/span><span style=\"letter-spacing: 0em;\">(1888-1971)<\/span><\/p><p style=\"text-align: center;\"><span style=\"font-weight: 400;\">Hacendado y pol\u00edtico nacional conservador argentino.<\/span><\/p><p style=\"text-align: center;\"><span style=\"font-weight: 400;\">Naci\u00f3 en el seno de una familia acaudalada propietaria de grandes extensiones territoriales en el partido de Monte.<\/span><\/p><p style=\"text-align: center;\"><span style=\"font-weight: 400;\">Durante su adolescencia se apasion\u00f3 con el tango, destac\u00e1ndose como bailar\u00edn. Junto con Vicente Madero y Ricardo G\u00fciraldes particip\u00f3 de diversas veladas en Par\u00eds que sirvieron para popularizar a ese g\u00e9nero musical en Francia. Fue tambi\u00e9n miembro y dirigente de la Sociedad Sportiva Argentina, instituci\u00f3n que sirvi\u00f3 de modelo en la organizaci\u00f3n de los primeros clubes deportivos en el pa\u00eds.<\/span><\/p><p style=\"text-align: center;\"><span style=\"font-weight: 400;\">Fue integrante del Partido Conservador de Buenos Aires y candidato a Intendente en el partido de San Miguel del Monte, siendo electo y ejerciendo su cargo entre 1914 y 1918.<\/span><\/p><p style=\"text-align: center;\"><span style=\"font-weight: 400;\">En 1926, fue participe del famoso tiroteo en la plaza Adolfo Alsina.<\/span><\/p><p style=\"text-align: center;\"><span style=\"font-weight: 400;\">En 1934 fue electo Diputado Nacional por el Partido Dem\u00f3crata Nacional. Vinculado con Manuel Fresco, fue uno de los asesores en su exitosa campa\u00f1a a gobernador de Buenos Aires, la cual fue coronada con la hist\u00f3rica \u201cMarcha de la Victoria\u201d de octubre de 1935.<\/span><\/p><p style=\"text-align: center;\"><span style=\"font-weight: 400;\">Siendo parte del Comit\u00e9 de la Juventud Argentina, promocion\u00f3 el culto a los s\u00edmbolos patrios, especialmente a la bandera nacional. Present\u00f3 un proyecto de ley para declarar el 20 de junio como el \u201cD\u00eda Nacional de la Bandera\u201d, eligi\u00e9ndose esa fecha para rememorar tambi\u00e9n el fallecimiento de Manuel Belgrano.<\/span><\/p><p style=\"text-align: center;\"><span style=\"font-weight: 400;\">En 1942 denunci\u00f3 la corrupci\u00f3n en el otorgamiento de concesiones de la administraci\u00f3n de servicios p\u00fablicos a empresas privadas de origen extranjero. Debido a ello, culmin\u00f3 su participaci\u00f3n como diputado nacional. Tras su salida del Congreso de la Naci\u00f3n, retorn\u00f3 a San Miguel del Monte, donde volvi\u00f3 a ser elegido Intendente hasta 1948.<\/span><\/p><p style=\"text-align: center;\"><span style=\"font-weight: 400;\">Falleci\u00f3 a finales de 1971.<\/span><\/p><\/div>\n\t\t\t\t<\/div>\n\t\t\t\t<\/div>\n\t\t\t\t\t\t<\/div>\n\t\t\t<\/div>\n\t\t<\/div>\n\t\t\t\t\t\t<\/div>\n\t\t\t<\/div>\n\t\t<\/section>\n\t\t\t\t<section class=\"elementor-element elementor-element-80bf377 elementor-section-boxed elementor-section-gap-beside-yes elementor-section-height-default elementor-section-height-default elementor-section-column-vertical-align-stretch elementor-section elementor-top-section\" data-id=\"80bf377\" data-element_type=\"section\">\n\t\t\t\t\t\t<div class=\"elementor-container elementor-column-gap-extended\">\n\t\t\t\t<div class=\"elementor-row\">\n\t\t\t\t<div class=\"elementor-element elementor-element-7a1f892 elementor-column elementor-col-100 elementor-top-column\" data-id=\"7a1f892\" data-element_type=\"column\">\n\t\t\t<div class=\"elementor-column-wrap  elementor-element-populated\">\n\t\t\t\t\t<div class=\"elementor-widget-wrap\">\n\t\t\t\t<div class=\"elementor-element elementor-element-1ae979c elementor-widget elementor-widget-spacer\" data-id=\"1ae979c\" data-element_type=\"widget\" data-widget_type=\"spacer.default\">\n\t\t\t\t<div class=\"elementor-widget-container\">\n\t\t\t\t\t<div class=\"elementor-spacer\">\n\t\t\t<div class=\"elementor-spacer-inner\"><\/div>\n\t\t<\/div>\n\t\t\t\t<\/div>\n\t\t\t\t<\/div>\n\t\t\t\t\t\t<\/div>\n\t\t\t<\/div>\n\t\t<\/div>\n\t\t\t\t\t\t<\/div>\n\t\t\t<\/div>\n\t\t<\/section>\n\t\t\t\t<section class=\"elementor-element elementor-element-d655ef0 elementor-section-boxed elementor-section-gap-beside-yes elementor-section-height-default elementor-section-height-default elementor-section-column-vertical-align-stretch elementor-section elementor-top-section\" data-id=\"d655ef0\" data-element_type=\"section\">\n\t\t\t\t\t\t<div class=\"elementor-container elementor-column-gap-extended\">\n\t\t\t\t<div class=\"elementor-row\">\n\t\t\t\t<div class=\"elementor-element elementor-element-5d2b6e4 elementor-column elementor-col-100 elementor-top-column\" data-id=\"5d2b6e4\" data-element_type=\"column\">\n\t\t\t<div class=\"elementor-column-wrap  elementor-element-populated\">\n\t\t\t\t\t<div class=\"elementor-widget-wrap\">\n\t\t\t\t<div class=\"elementor-element elementor-element-0e97450 elementor-widget elementor-widget-image\" data-id=\"0e97450\" data-element_type=\"widget\" data-widget_type=\"image.default\">\n\t\t\t\t<div class=\"elementor-widget-container\">\n\t\t\t\t\t<div class=\"elementor-image\">\n\t\t\t\t\t\t\t<figure class=\"wp-caption\">\n\t\t\t\t\t\t\t\t\t\t<img width=\"640\" height=\"374\" src=\"https:\/\/monte.gob.ar\/institutosuperior\/wp-content\/uploads\/2020\/11\/Imagen17-1024x598.jpg\" class=\"attachment-large size-large\" alt=\"\" loading=\"lazy\" srcset=\"https:\/\/monte.gob.ar\/institutosuperior\/wp-content\/uploads\/2020\/11\/Imagen17-1024x598.jpg 1024w, https:\/\/monte.gob.ar\/institutosuperior\/wp-content\/uploads\/2020\/11\/Imagen17-300x175.jpg 300w, https:\/\/monte.gob.ar\/institutosuperior\/wp-content\/uploads\/2020\/11\/Imagen17-768x448.jpg 768w, https:\/\/monte.gob.ar\/institutosuperior\/wp-content\/uploads\/2020\/11\/Imagen17.jpg 1206w\" sizes=\"(max-width: 640px) 100vw, 640px\" \/>\t\t\t\t\t\t\t\t\t\t\t<figcaption class=\"widget-image-caption wp-caption-text\">1905<\/figcaption>\n\t\t\t\t\t\t\t\t\t\t<\/figure>\n\t\t\t\t\t<\/div>\n\t\t\t\t<\/div>\n\t\t\t\t<\/div>\n\t\t\t\t\t\t<\/div>\n\t\t\t<\/div>\n\t\t<\/div>\n\t\t\t\t\t\t<\/div>\n\t\t\t<\/div>\n\t\t<\/section>\n\t\t\t\t<section class=\"elementor-element elementor-element-9b28bfa elementor-section-boxed elementor-section-gap-beside-yes elementor-section-height-default elementor-section-height-default elementor-section-column-vertical-align-stretch elementor-section elementor-top-section\" data-id=\"9b28bfa\" data-element_type=\"section\">\n\t\t\t\t\t\t<div class=\"elementor-container elementor-column-gap-extended\">\n\t\t\t\t<div class=\"elementor-row\">\n\t\t\t\t<div class=\"elementor-element elementor-element-cdd8dd6 elementor-column elementor-col-50 elementor-top-column\" data-id=\"cdd8dd6\" data-element_type=\"column\">\n\t\t\t<div class=\"elementor-column-wrap  elementor-element-populated\">\n\t\t\t\t\t<div class=\"elementor-widget-wrap\">\n\t\t\t\t<div class=\"elementor-element elementor-element-85820ed elementor-widget elementor-widget-image\" data-id=\"85820ed\" data-element_type=\"widget\" data-widget_type=\"image.default\">\n\t\t\t\t<div class=\"elementor-widget-container\">\n\t\t\t\t\t<div class=\"elementor-image\">\n\t\t\t\t\t\t\t<figure class=\"wp-caption\">\n\t\t\t\t\t\t\t\t\t\t<img width=\"640\" height=\"437\" src=\"https:\/\/monte.gob.ar\/institutosuperior\/wp-content\/uploads\/2020\/11\/DSC_0098-768x524.jpg\" class=\"attachment-medium_large size-medium_large\" alt=\"\" loading=\"lazy\" srcset=\"https:\/\/monte.gob.ar\/institutosuperior\/wp-content\/uploads\/2020\/11\/DSC_0098-768x524.jpg 768w, https:\/\/monte.gob.ar\/institutosuperior\/wp-content\/uploads\/2020\/11\/DSC_0098-300x205.jpg 300w, https:\/\/monte.gob.ar\/institutosuperior\/wp-content\/uploads\/2020\/11\/DSC_0098-1024x698.jpg 1024w, https:\/\/monte.gob.ar\/institutosuperior\/wp-content\/uploads\/2020\/11\/DSC_0098-1536x1048.jpg 1536w, https:\/\/monte.gob.ar\/institutosuperior\/wp-content\/uploads\/2020\/11\/DSC_0098-2048x1397.jpg 2048w\" sizes=\"(max-width: 640px) 100vw, 640px\" \/>\t\t\t\t\t\t\t\t\t\t\t<figcaption class=\"widget-image-caption wp-caption-text\"><\/figcaption>\n\t\t\t\t\t\t\t\t\t\t<\/figure>\n\t\t\t\t\t<\/div>\n\t\t\t\t<\/div>\n\t\t\t\t<\/div>\n\t\t\t\t\t\t<\/div>\n\t\t\t<\/div>\n\t\t<\/div>\n\t\t\t\t<div class=\"elementor-element elementor-element-7c4e565 elementor-column elementor-col-50 elementor-top-column\" data-id=\"7c4e565\" data-element_type=\"column\">\n\t\t\t<div class=\"elementor-column-wrap  elementor-element-populated\">\n\t\t\t\t\t<div class=\"elementor-widget-wrap\">\n\t\t\t\t<div class=\"elementor-element elementor-element-e0693ec elementor-widget elementor-widget-image\" data-id=\"e0693ec\" data-element_type=\"widget\" data-widget_type=\"image.default\">\n\t\t\t\t<div class=\"elementor-widget-container\">\n\t\t\t\t\t<div class=\"elementor-image\">\n\t\t\t\t\t\t\t<figure class=\"wp-caption\">\n\t\t\t\t\t\t\t\t\t\t<img width=\"2560\" height=\"1510\" src=\"https:\/\/monte.gob.ar\/institutosuperior\/wp-content\/uploads\/2020\/11\/Plazoleta-scaled.jpg\" class=\"attachment-full size-full\" alt=\"\" loading=\"lazy\" srcset=\"https:\/\/monte.gob.ar\/institutosuperior\/wp-content\/uploads\/2020\/11\/Plazoleta-scaled.jpg 2560w, https:\/\/monte.gob.ar\/institutosuperior\/wp-content\/uploads\/2020\/11\/Plazoleta-300x177.jpg 300w, https:\/\/monte.gob.ar\/institutosuperior\/wp-content\/uploads\/2020\/11\/Plazoleta-1024x604.jpg 1024w, https:\/\/monte.gob.ar\/institutosuperior\/wp-content\/uploads\/2020\/11\/Plazoleta-768x453.jpg 768w, https:\/\/monte.gob.ar\/institutosuperior\/wp-content\/uploads\/2020\/11\/Plazoleta-1536x906.jpg 1536w, https:\/\/monte.gob.ar\/institutosuperior\/wp-content\/uploads\/2020\/11\/Plazoleta-2048x1208.jpg 2048w\" sizes=\"(max-width: 2560px) 100vw, 2560px\" \/>\t\t\t\t\t\t\t\t\t\t\t<figcaption class=\"widget-image-caption wp-caption-text\">2020<\/figcaption>\n\t\t\t\t\t\t\t\t\t\t<\/figure>\n\t\t\t\t\t<\/div>\n\t\t\t\t<\/div>\n\t\t\t\t<\/div>\n\t\t\t\t\t\t<\/div>\n\t\t\t<\/div>\n\t\t<\/div>\n\t\t\t\t\t\t<\/div>\n\t\t\t<\/div>\n\t\t<\/section>\n\t\t\t\t<section class=\"elementor-element elementor-element-53e0bae elementor-section-boxed elementor-section-gap-beside-yes elementor-section-height-default elementor-section-height-default elementor-section-column-vertical-align-stretch elementor-section elementor-top-section\" data-id=\"53e0bae\" data-element_type=\"section\">\n\t\t\t\t\t\t<div class=\"elementor-container elementor-column-gap-extended\">\n\t\t\t\t<div class=\"elementor-row\">\n\t\t\t\t<div class=\"elementor-element elementor-element-8462e8f elementor-column elementor-col-50 elementor-top-column\" data-id=\"8462e8f\" data-element_type=\"column\">\n\t\t\t<div class=\"elementor-column-wrap  elementor-element-populated\">\n\t\t\t\t\t<div class=\"elementor-widget-wrap\">\n\t\t\t\t<div class=\"elementor-element elementor-element-1b6e5a1 elementor-widget elementor-widget-image\" data-id=\"1b6e5a1\" data-element_type=\"widget\" data-widget_type=\"image.default\">\n\t\t\t\t<div class=\"elementor-widget-container\">\n\t\t\t\t\t<div class=\"elementor-image\">\n\t\t\t\t\t\t\t<figure class=\"wp-caption\">\n\t\t\t\t\t\t\t\t\t\t<img width=\"640\" height=\"853\" src=\"https:\/\/monte.gob.ar\/institutosuperior\/wp-content\/uploads\/2020\/11\/WhatsApp-Image-2020-11-17-at-14.17.45-768x1024.jpeg\" class=\"attachment-large size-large\" alt=\"\" loading=\"lazy\" srcset=\"https:\/\/monte.gob.ar\/institutosuperior\/wp-content\/uploads\/2020\/11\/WhatsApp-Image-2020-11-17-at-14.17.45-768x1024.jpeg 768w, https:\/\/monte.gob.ar\/institutosuperior\/wp-content\/uploads\/2020\/11\/WhatsApp-Image-2020-11-17-at-14.17.45-225x300.jpeg 225w, https:\/\/monte.gob.ar\/institutosuperior\/wp-content\/uploads\/2020\/11\/WhatsApp-Image-2020-11-17-at-14.17.45.jpeg 780w\" sizes=\"(max-width: 640px) 100vw, 640px\" \/>\t\t\t\t\t\t\t\t\t\t\t<figcaption class=\"widget-image-caption wp-caption-text\">2020<\/figcaption>\n\t\t\t\t\t\t\t\t\t\t<\/figure>\n\t\t\t\t\t<\/div>\n\t\t\t\t<\/div>\n\t\t\t\t<\/div>\n\t\t\t\t\t\t<\/div>\n\t\t\t<\/div>\n\t\t<\/div>\n\t\t\t\t<div class=\"elementor-element elementor-element-94e1f28 elementor-column elementor-col-50 elementor-top-column\" data-id=\"94e1f28\" data-element_type=\"column\">\n\t\t\t<div class=\"elementor-column-wrap  elementor-element-populated\">\n\t\t\t\t\t<div class=\"elementor-widget-wrap\">\n\t\t\t\t<div class=\"elementor-element elementor-element-3ffe336 elementor-widget elementor-widget-image\" data-id=\"3ffe336\" data-element_type=\"widget\" data-widget_type=\"image.default\">\n\t\t\t\t<div class=\"elementor-widget-container\">\n\t\t\t\t\t<div class=\"elementor-image\">\n\t\t\t\t\t\t\t<figure class=\"wp-caption\">\n\t\t\t\t\t\t\t\t\t\t<img width=\"592\" height=\"1052\" src=\"https:\/\/monte.gob.ar\/institutosuperior\/wp-content\/uploads\/2020\/11\/WhatsApp-Image-2020-11-17-at-14.18.39.jpeg\" class=\"attachment-medium_large size-medium_large\" alt=\"\" loading=\"lazy\" srcset=\"https:\/\/monte.gob.ar\/institutosuperior\/wp-content\/uploads\/2020\/11\/WhatsApp-Image-2020-11-17-at-14.18.39.jpeg 592w, https:\/\/monte.gob.ar\/institutosuperior\/wp-content\/uploads\/2020\/11\/WhatsApp-Image-2020-11-17-at-14.18.39-169x300.jpeg 169w, https:\/\/monte.gob.ar\/institutosuperior\/wp-content\/uploads\/2020\/11\/WhatsApp-Image-2020-11-17-at-14.18.39-576x1024.jpeg 576w\" sizes=\"(max-width: 592px) 100vw, 592px\" \/>\t\t\t\t\t\t\t\t\t\t\t<figcaption class=\"widget-image-caption wp-caption-text\">2020<\/figcaption>\n\t\t\t\t\t\t\t\t\t\t<\/figure>\n\t\t\t\t\t<\/div>\n\t\t\t\t<\/div>\n\t\t\t\t<\/div>\n\t\t\t\t\t\t<\/div>\n\t\t\t<\/div>\n\t\t<\/div>\n\t\t\t\t\t\t<\/div>\n\t\t\t<\/div>\n\t\t<\/section>\n\t\t\t\t\t\t<\/div>\n\t\t\t<\/div>\n\t\t<\/div>\n\t\t","protected":false},"excerpt":{"rendered":"<p>Monumento dedicado a Daniel Videla Dorna emplazado en 1962. Fue Diputado Nacional en 1934 y Ministro de Cultura de la Provincia de Buenos Aires en 1937. Por su iniciativa se instituye como D\u00eda de la Bandera Argentina el 20 de junio (1938). Fue Intendente de San Miguel del Monte en los per\u00edodos 1914, 1934-1939 y 1942. Hizo construir el Palacio Municipal, las compuertas de la laguna y encargo la realizaci\u00f3n del escudo local. PLAZOLETA GRAL. MART\u00cdN RODRIGUEZ Se ubica entre las calles Eva Per\u00f3n, Avenida San Mart\u00edn y Petracchi. En un primer momento este cruce de calles termin\u00f3 por generar un espacio triangular vac\u00edo, que se configurar\u00eda en una plazoleta permitiendo ordenar el tr\u00e1nsito. Aqu\u00ed se encuentra emplazado el monumento a\u00a0Daniel Videla Dorna\u00a0(1888-1971) Hacendado y pol\u00edtico nacional conservador argentino. Naci\u00f3 en el seno de una familia acaudalada propietaria de grandes extensiones territoriales en el partido de Monte. Durante su adolescencia se apasion\u00f3 con el tango, destac\u00e1ndose como bailar\u00edn. Junto con Vicente Madero y Ricardo G\u00fciraldes particip\u00f3 de diversas veladas en Par\u00eds que sirvieron para popularizar a ese g\u00e9nero musical en Francia. Fue tambi\u00e9n miembro y dirigente de la Sociedad Sportiva Argentina, instituci\u00f3n que sirvi\u00f3 de modelo en la organizaci\u00f3n de los primeros clubes deportivos en el pa\u00eds. Fue integrante del Partido Conservador de Buenos Aires y candidato a Intendente en el partido de San Miguel del Monte, siendo electo y ejerciendo su cargo entre 1914 y 1918. En 1926, fue participe del famoso tiroteo en la plaza Adolfo Alsina. En 1934 fue electo Diputado Nacional por el Partido Dem\u00f3crata Nacional. Vinculado con Manuel Fresco, fue uno de los asesores en su exitosa campa\u00f1a a gobernador de Buenos Aires, la cual fue coronada con la hist\u00f3rica \u201cMarcha de la Victoria\u201d de octubre de 1935. Siendo parte del Comit\u00e9 de la Juventud Argentina, promocion\u00f3 el culto a los s\u00edmbolos patrios, especialmente a la bandera nacional. Present\u00f3 un proyecto de ley para declarar el 20 de junio como el \u201cD\u00eda Nacional de la Bandera\u201d, eligi\u00e9ndose esa fecha para rememorar tambi\u00e9n el fallecimiento de Manuel Belgrano. En 1942 denunci\u00f3 la corrupci\u00f3n en el otorgamiento de concesiones de la administraci\u00f3n de servicios p\u00fablicos a empresas privadas de origen extranjero. Debido a ello, culmin\u00f3 su participaci\u00f3n como diputado nacional. Tras su salida del Congreso de la Naci\u00f3n, retorn\u00f3 a San Miguel del Monte, donde volvi\u00f3 a ser elegido Intendente hasta 1948. Falleci\u00f3 a finales de 1971. 1905 2020 2020 2020<\/p>\n","protected":false},"author":2,"featured_media":0,"parent":0,"menu_order":0,"comment_status":"closed","ping_status":"closed","template":"","meta":[],"_links":{"self":[{"href":"https:\/\/monte.gob.ar\/institutosuperior\/wp-json\/wp\/v2\/pages\/81"}],"collection":[{"href":"https:\/\/monte.gob.ar\/institutosuperior\/wp-json\/wp\/v2\/pages"}],"about":[{"href":"https:\/\/monte.gob.ar\/institutosuperior\/wp-json\/wp\/v2\/types\/page"}],"author":[{"embeddable":true,"href":"https:\/\/monte.gob.ar\/institutosuperior\/wp-json\/wp\/v2\/users\/2"}],"replies":[{"embeddable":true,"href":"https:\/\/monte.gob.ar\/institutosuperior\/wp-json\/wp\/v2\/comments?post=81"}],"version-history":[{"count":17,"href":"https:\/\/monte.gob.ar\/institutosuperior\/wp-json\/wp\/v2\/pages\/81\/revisions"}],"predecessor-version":[{"id":26381,"href":"https:\/\/monte.gob.ar\/institutosuperior\/wp-json\/wp\/v2\/pages\/81\/revisions\/26381"}],"wp:attachment":[{"href":"https:\/\/monte.gob.ar\/institutosuperior\/wp-json\/wp\/v2\/media?parent=81"}],"curies":[{"name":"wp","href":"https:\/\/api.w.org\/{rel}","templated":true}]}}