{"id":38,"date":"2020-09-23T19:53:02","date_gmt":"2020-09-23T22:53:02","guid":{"rendered":"http:\/\/monte.gob.ar\/institutosuperior\/?page_id=38"},"modified":"2020-11-12T16:42:41","modified_gmt":"2020-11-12T19:42:41","slug":"escuela-n16","status":"publish","type":"page","link":"https:\/\/monte.gob.ar\/institutosuperior\/escuela-n16\/","title":{"rendered":"Escuela N\u00b016 Vicente L\u00f3pez y Planes"},"content":{"rendered":"\t\t<div data-elementor-type=\"wp-page\" data-elementor-id=\"38\" class=\"elementor elementor-38\" data-elementor-settings=\"[]\">\n\t\t\t<div class=\"elementor-inner\">\n\t\t\t\t<div class=\"elementor-section-wrap\">\n\t\t\t\t\t\t\t<section class=\"elementor-element elementor-element-a960bc8 elementor-section-boxed elementor-section-gap-beside-yes elementor-section-height-default elementor-section-height-default elementor-section-column-vertical-align-stretch elementor-section elementor-top-section\" data-id=\"a960bc8\" data-element_type=\"section\">\n\t\t\t\t\t\t<div class=\"elementor-container elementor-column-gap-extended\">\n\t\t\t\t<div class=\"elementor-row\">\n\t\t\t\t<div class=\"elementor-element elementor-element-9370758 elementor-column elementor-col-100 elementor-top-column\" data-id=\"9370758\" data-element_type=\"column\">\n\t\t\t<div class=\"elementor-column-wrap  elementor-element-populated\">\n\t\t\t\t\t<div class=\"elementor-widget-wrap\">\n\t\t\t\t<div class=\"elementor-element elementor-element-3f12b3b elementor-widget elementor-widget-image\" data-id=\"3f12b3b\" data-element_type=\"widget\" data-widget_type=\"image.default\">\n\t\t\t\t<div class=\"elementor-widget-container\">\n\t\t\t\t\t<div class=\"elementor-image\">\n\t\t\t\t\t\t\t\t\t\t<img width=\"640\" height=\"362\" src=\"https:\/\/monte.gob.ar\/institutosuperior\/wp-content\/uploads\/2020\/11\/DSC_0076-1-1024x579.jpg\" class=\"attachment-large size-large\" alt=\"\" loading=\"lazy\" srcset=\"https:\/\/monte.gob.ar\/institutosuperior\/wp-content\/uploads\/2020\/11\/DSC_0076-1-1024x579.jpg 1024w, https:\/\/monte.gob.ar\/institutosuperior\/wp-content\/uploads\/2020\/11\/DSC_0076-1-300x170.jpg 300w, https:\/\/monte.gob.ar\/institutosuperior\/wp-content\/uploads\/2020\/11\/DSC_0076-1-768x435.jpg 768w, https:\/\/monte.gob.ar\/institutosuperior\/wp-content\/uploads\/2020\/11\/DSC_0076-1-1536x869.jpg 1536w, https:\/\/monte.gob.ar\/institutosuperior\/wp-content\/uploads\/2020\/11\/DSC_0076-1-2048x1159.jpg 2048w\" sizes=\"(max-width: 640px) 100vw, 640px\" \/>\t\t\t\t\t\t\t\t\t\t\t<\/div>\n\t\t\t\t<\/div>\n\t\t\t\t<\/div>\n\t\t\t\t\t\t<\/div>\n\t\t\t<\/div>\n\t\t<\/div>\n\t\t\t\t\t\t<\/div>\n\t\t\t<\/div>\n\t\t<\/section>\n\t\t\t\t<section class=\"elementor-element elementor-element-e80a21b elementor-section-boxed elementor-section-gap-beside-yes elementor-section-height-default elementor-section-height-default elementor-section-column-vertical-align-stretch elementor-section elementor-top-section\" data-id=\"e80a21b\" data-element_type=\"section\">\n\t\t\t\t\t\t<div class=\"elementor-container elementor-column-gap-extended\">\n\t\t\t\t<div class=\"elementor-row\">\n\t\t\t\t<div class=\"elementor-element elementor-element-bc919d0 elementor-column elementor-col-100 elementor-top-column\" data-id=\"bc919d0\" data-element_type=\"column\">\n\t\t\t<div class=\"elementor-column-wrap  elementor-element-populated\">\n\t\t\t\t\t<div class=\"elementor-widget-wrap\">\n\t\t\t\t<div class=\"elementor-element elementor-element-98dc311 elementor-widget elementor-widget-text-editor\" data-id=\"98dc311\" data-element_type=\"widget\" data-widget_type=\"text-editor.default\">\n\t\t\t\t<div class=\"elementor-widget-container\">\n\t\t\t\t\t<div class=\"elementor-text-editor elementor-clearfix\"><p style=\"text-align: center;\"><em>Actual Escuela de Educaci\u00f3n Primaria Nro16 \u201cVicente L\u00f3pez y Planes\u201d, ex lugar de la capilla de Monte construida en 1831 por el Gobernador Juan Manuel de Rosas.<\/em><\/p><p>\u00a0<\/p><p style=\"text-align: center;\">La escuela N\u00b016 de San Miguel del Monte, que debajo de ella podr\u00eda encontrarse los cimientos de la Iglesia que Rosas hizo construir en 1831, frente a la plaza de armas, y que fue demolida despu\u00e9s de su derrota en la batalla de Caseros. El patio del colegio ya se hab\u00eda hundido tres veces y antes de remodelarlo, la Intendente de San Miguel del Monte Laura Giagnacovo de Gallardo, decidi\u00f3 llamar al Instituto Cultural de la Provincia de Buenos Aires. Un grupo de arque\u00f3logos comenz\u00f3 las excavaciones y descubri\u00f3 que los montenses no se equivocaban. Aparecieron muros de ladrillos y arcos de medio punto. Las excavaciones llegaron hasta los 2,60 mts de profundidad y no pudieron determinar el porqu\u00e9 de los arcos \u201ces posible que hayan sido un dep\u00f3sito de agua y de comida o parte de una serie de pasadizos, de t\u00faneles construidos para escapar o para contactarse con otro lugar\u201d, dijo la arque\u00f3loga Mar\u00eda In\u00e9s Casada. Probablemente\u00a0 puedan haberla dise\u00f1ado para resguardarse de los malones indios.<\/p><p style=\"text-align: center;\">Entre\u00a0m\u00e1s de 10.000 objetos que hallaron hay resto de armas de guerras \u201cencontramos una enorme cantidad de cosas: utensilios de losa y de cer\u00e1mica, tinteros, botellas de cervezas, una mand\u00edbula de un mam\u00edfero rumiante, un reloj marca Roskoff , tazas, platos, cubiertos, monedas, restos de calzados de madera y cuero, botellas irlandesas de 1800\u201d, dijo Mar\u00eda Eugenia Peltzer, otras de las arque\u00f3logas a cago del proyecto.<\/p><p>\u00a0<\/p><\/div>\n\t\t\t\t<\/div>\n\t\t\t\t<\/div>\n\t\t\t\t\t\t<\/div>\n\t\t\t<\/div>\n\t\t<\/div>\n\t\t\t\t\t\t<\/div>\n\t\t\t<\/div>\n\t\t<\/section>\n\t\t\t\t<section class=\"elementor-element elementor-element-62601ba elementor-section-boxed elementor-section-gap-beside-yes elementor-section-height-default elementor-section-height-default elementor-section-column-vertical-align-stretch elementor-section elementor-top-section\" data-id=\"62601ba\" data-element_type=\"section\">\n\t\t\t\t\t\t<div class=\"elementor-container elementor-column-gap-extended\">\n\t\t\t\t<div class=\"elementor-row\">\n\t\t\t\t<div class=\"elementor-element elementor-element-cba2027 elementor-column elementor-col-100 elementor-top-column\" data-id=\"cba2027\" data-element_type=\"column\">\n\t\t\t<div class=\"elementor-column-wrap  elementor-element-populated\">\n\t\t\t\t\t<div class=\"elementor-widget-wrap\">\n\t\t\t\t<div class=\"elementor-element elementor-element-2584130 elementor-arrows-position-inside elementor-pagination-position-outside elementor-widget elementor-widget-image-carousel\" data-id=\"2584130\" data-element_type=\"widget\" data-settings=\"{&quot;slides_to_show&quot;:&quot;1&quot;,&quot;navigation&quot;:&quot;both&quot;,&quot;autoplay&quot;:&quot;yes&quot;,&quot;pause_on_hover&quot;:&quot;yes&quot;,&quot;pause_on_interaction&quot;:&quot;yes&quot;,&quot;autoplay_speed&quot;:5000,&quot;infinite&quot;:&quot;yes&quot;,&quot;effect&quot;:&quot;slide&quot;,&quot;speed&quot;:500,&quot;direction&quot;:&quot;ltr&quot;}\" data-widget_type=\"image-carousel.default\">\n\t\t\t\t<div class=\"elementor-widget-container\">\n\t\t\t\t\t<div class=\"elementor-image-carousel-wrapper swiper-container\" dir=\"ltr\">\n\t\t\t<div class=\"elementor-image-carousel swiper-wrapper\">\n\t\t\t\t<div class=\"swiper-slide\"><figure class=\"swiper-slide-inner\"><img class=\"swiper-slide-image\" src=\"https:\/\/monte.gob.ar\/institutosuperior\/wp-content\/uploads\/2020\/11\/DSC_0079-3-768x512.jpg\" alt=\"DSC_0079\" \/><\/figure><\/div><div class=\"swiper-slide\"><figure class=\"swiper-slide-inner\"><img class=\"swiper-slide-image\" src=\"https:\/\/monte.gob.ar\/institutosuperior\/wp-content\/uploads\/2020\/11\/DSC_0076-1-768x435.jpg\" alt=\"DSC_0076\" \/><\/figure><\/div><div class=\"swiper-slide\"><figure class=\"swiper-slide-inner\"><img class=\"swiper-slide-image\" src=\"https:\/\/monte.gob.ar\/institutosuperior\/wp-content\/uploads\/2020\/11\/DSC_0073-1-768x414.jpg\" alt=\"Escuela N\u00b016 \u201cVicente L\u00f3pez y Planes\u201d en la que debajo de ella se encuentran los cimientos de la iglesia que Rosas hizo construir en 1831 junto a los t\u00faneles cuyo destino es incierto.\" \/><figcaption class=\"elementor-image-carousel-caption\">Escuela N\u00b016 \u201cVicente L\u00f3pez y Planes\u201d en la que debajo de ella se encuentran los cimientos de la iglesia que Rosas hizo construir en 1831 junto a los t\u00faneles cuyo destino es incierto.<\/figcaption><\/figure><\/div><div class=\"swiper-slide\"><figure class=\"swiper-slide-inner\"><img class=\"swiper-slide-image\" src=\"https:\/\/monte.gob.ar\/institutosuperior\/wp-content\/uploads\/2020\/10\/escuela-4.jpg\" alt=\"escuela 4\" \/><\/figure><\/div><div class=\"swiper-slide\"><figure class=\"swiper-slide-inner\"><img class=\"swiper-slide-image\" src=\"https:\/\/monte.gob.ar\/institutosuperior\/wp-content\/uploads\/2020\/10\/escuela-5-768x576.jpg\" alt=\"escuela 5\" \/><\/figure><\/div><div class=\"swiper-slide\"><figure class=\"swiper-slide-inner\"><img class=\"swiper-slide-image\" src=\"https:\/\/monte.gob.ar\/institutosuperior\/wp-content\/uploads\/2020\/10\/escuela-6-768x576.jpg\" alt=\"escuela 6\" \/><\/figure><\/div>\t\t\t<\/div>\n\t\t\t\t\t\t\t\t\t\t\t\t<div class=\"swiper-pagination\"><\/div>\n\t\t\t\t\t\t\t\t\t\t\t\t\t<div class=\"elementor-swiper-button elementor-swiper-button-prev\">\n\t\t\t\t\t\t<i class=\"eicon-chevron-left\" aria-hidden=\"true\"><\/i>\n\t\t\t\t\t\t<span class=\"elementor-screen-only\">Anterior<\/span>\n\t\t\t\t\t<\/div>\n\t\t\t\t\t<div class=\"elementor-swiper-button elementor-swiper-button-next\">\n\t\t\t\t\t\t<i class=\"eicon-chevron-right\" aria-hidden=\"true\"><\/i>\n\t\t\t\t\t\t<span class=\"elementor-screen-only\">Siguiente<\/span>\n\t\t\t\t\t<\/div>\n\t\t\t\t\t\t\t\t\t<\/div>\n\t\t\t\t<\/div>\n\t\t\t\t<\/div>\n\t\t\t\t\t\t<\/div>\n\t\t\t<\/div>\n\t\t<\/div>\n\t\t\t\t\t\t<\/div>\n\t\t\t<\/div>\n\t\t<\/section>\n\t\t\t\t\t\t<\/div>\n\t\t\t<\/div>\n\t\t<\/div>\n\t\t","protected":false},"excerpt":{"rendered":"<p>Actual Escuela de Educaci\u00f3n Primaria Nro16 \u201cVicente L\u00f3pez y Planes\u201d, ex lugar de la capilla de Monte construida en 1831 por el Gobernador Juan Manuel de Rosas. \u00a0 La escuela N\u00b016 de San Miguel del Monte, que debajo de ella podr\u00eda encontrarse los cimientos de la Iglesia que Rosas hizo construir en 1831, frente a la plaza de armas, y que fue demolida despu\u00e9s de su derrota en la batalla de Caseros. El patio del colegio ya se hab\u00eda hundido tres veces y antes de remodelarlo, la Intendente de San Miguel del Monte Laura Giagnacovo de Gallardo, decidi\u00f3 llamar al Instituto Cultural de la Provincia de Buenos Aires. Un grupo de arque\u00f3logos comenz\u00f3 las excavaciones y descubri\u00f3 que los montenses no se equivocaban. Aparecieron muros de ladrillos y arcos de medio punto. Las excavaciones llegaron hasta los 2,60 mts de profundidad y no pudieron determinar el porqu\u00e9 de los arcos \u201ces posible que hayan sido un dep\u00f3sito de agua y de comida o parte de una serie de pasadizos, de t\u00faneles construidos para escapar o para contactarse con otro lugar\u201d, dijo la arque\u00f3loga Mar\u00eda In\u00e9s Casada. Probablemente\u00a0 puedan haberla dise\u00f1ado para resguardarse de los malones indios. Entre\u00a0m\u00e1s de 10.000 objetos que hallaron hay resto de armas de guerras \u201cencontramos una enorme cantidad de cosas: utensilios de losa y de cer\u00e1mica, tinteros, botellas de cervezas, una mand\u00edbula de un mam\u00edfero rumiante, un reloj marca Roskoff , tazas, platos, cubiertos, monedas, restos de calzados de madera y cuero, botellas irlandesas de 1800\u201d, dijo Mar\u00eda Eugenia Peltzer, otras de las arque\u00f3logas a cago del proyecto. \u00a0 Escuela N\u00b016 \u201cVicente L\u00f3pez y Planes\u201d en la que debajo de ella se encuentran los cimientos de la iglesia que Rosas hizo construir en 1831 junto a los t\u00faneles cuyo destino es incierto. Anterior Siguiente<\/p>\n","protected":false},"author":2,"featured_media":0,"parent":0,"menu_order":0,"comment_status":"closed","ping_status":"closed","template":"","meta":[],"_links":{"self":[{"href":"https:\/\/monte.gob.ar\/institutosuperior\/wp-json\/wp\/v2\/pages\/38"}],"collection":[{"href":"https:\/\/monte.gob.ar\/institutosuperior\/wp-json\/wp\/v2\/pages"}],"about":[{"href":"https:\/\/monte.gob.ar\/institutosuperior\/wp-json\/wp\/v2\/types\/page"}],"author":[{"embeddable":true,"href":"https:\/\/monte.gob.ar\/institutosuperior\/wp-json\/wp\/v2\/users\/2"}],"replies":[{"embeddable":true,"href":"https:\/\/monte.gob.ar\/institutosuperior\/wp-json\/wp\/v2\/comments?post=38"}],"version-history":[{"count":16,"href":"https:\/\/monte.gob.ar\/institutosuperior\/wp-json\/wp\/v2\/pages\/38\/revisions"}],"predecessor-version":[{"id":27462,"href":"https:\/\/monte.gob.ar\/institutosuperior\/wp-json\/wp\/v2\/pages\/38\/revisions\/27462"}],"wp:attachment":[{"href":"https:\/\/monte.gob.ar\/institutosuperior\/wp-json\/wp\/v2\/media?parent=38"}],"curies":[{"name":"wp","href":"https:\/\/api.w.org\/{rel}","templated":true}]}}