{"id":24848,"date":"2020-10-21T20:48:44","date_gmt":"2020-10-21T23:48:44","guid":{"rendered":"http:\/\/monte.gob.ar\/institutosuperior\/?page_id=24848"},"modified":"2021-12-22T14:40:37","modified_gmt":"2021-12-22T17:40:37","slug":"leyenda-del-guecubu-2","status":"publish","type":"page","link":"https:\/\/monte.gob.ar\/institutosuperior\/leyenda-del-guecubu-2\/","title":{"rendered":"Leyenda del G\u00fcecub\u00fa"},"content":{"rendered":"\t\t<div data-elementor-type=\"wp-page\" data-elementor-id=\"24848\" class=\"elementor elementor-24848\" data-elementor-settings=\"[]\">\n\t\t\t<div class=\"elementor-inner\">\n\t\t\t\t<div class=\"elementor-section-wrap\">\n\t\t\t\t\t\t\t<section class=\"elementor-element elementor-element-b542f89 elementor-section-boxed elementor-section-gap-beside-yes elementor-section-height-default elementor-section-height-default elementor-section-column-vertical-align-stretch elementor-section elementor-top-section\" data-id=\"b542f89\" data-element_type=\"section\">\n\t\t\t\t\t\t<div class=\"elementor-container elementor-column-gap-extended\">\n\t\t\t\t<div class=\"elementor-row\">\n\t\t\t\t<div class=\"elementor-element elementor-element-d611a2f elementor-column elementor-col-100 elementor-top-column\" data-id=\"d611a2f\" data-element_type=\"column\">\n\t\t\t<div class=\"elementor-column-wrap  elementor-element-populated\">\n\t\t\t\t\t<div class=\"elementor-widget-wrap\">\n\t\t\t\t<div class=\"elementor-element elementor-element-5da1867 elementor-widget elementor-widget-image\" data-id=\"5da1867\" data-element_type=\"widget\" data-widget_type=\"image.default\">\n\t\t\t\t<div class=\"elementor-widget-container\">\n\t\t\t\t\t<div class=\"elementor-image\">\n\t\t\t\t\t\t\t\t\t\t<img width=\"233\" height=\"300\" src=\"https:\/\/monte.gob.ar\/institutosuperior\/wp-content\/uploads\/2020\/11\/imagen-gueicubu-233x300.jpeg\" class=\"attachment-medium size-medium\" alt=\"\" loading=\"lazy\" srcset=\"https:\/\/monte.gob.ar\/institutosuperior\/wp-content\/uploads\/2020\/11\/imagen-gueicubu-233x300.jpeg 233w, https:\/\/monte.gob.ar\/institutosuperior\/wp-content\/uploads\/2020\/11\/imagen-gueicubu-795x1024.jpeg 795w, https:\/\/monte.gob.ar\/institutosuperior\/wp-content\/uploads\/2020\/11\/imagen-gueicubu-768x990.jpeg 768w, https:\/\/monte.gob.ar\/institutosuperior\/wp-content\/uploads\/2020\/11\/imagen-gueicubu.jpeg 890w\" sizes=\"(max-width: 233px) 100vw, 233px\" \/>\t\t\t\t\t\t\t\t\t\t\t<\/div>\n\t\t\t\t<\/div>\n\t\t\t\t<\/div>\n\t\t\t\t\t\t<\/div>\n\t\t\t<\/div>\n\t\t<\/div>\n\t\t\t\t\t\t<\/div>\n\t\t\t<\/div>\n\t\t<\/section>\n\t\t\t\t<section class=\"elementor-element elementor-element-9534acf elementor-section-boxed elementor-section-gap-beside-yes elementor-section-height-default elementor-section-height-default elementor-section-column-vertical-align-stretch elementor-section elementor-top-section\" data-id=\"9534acf\" data-element_type=\"section\">\n\t\t\t\t\t\t<div class=\"elementor-container elementor-column-gap-extended\">\n\t\t\t\t<div class=\"elementor-row\">\n\t\t\t\t<div class=\"elementor-element elementor-element-643e43a elementor-column elementor-col-100 elementor-top-column\" data-id=\"643e43a\" data-element_type=\"column\">\n\t\t\t<div class=\"elementor-column-wrap  elementor-element-populated\">\n\t\t\t\t\t<div class=\"elementor-widget-wrap\">\n\t\t\t\t<div class=\"elementor-element elementor-element-676bb32 elementor-widget elementor-widget-spacer\" data-id=\"676bb32\" data-element_type=\"widget\" data-widget_type=\"spacer.default\">\n\t\t\t\t<div class=\"elementor-widget-container\">\n\t\t\t\t\t<div class=\"elementor-spacer\">\n\t\t\t<div class=\"elementor-spacer-inner\"><\/div>\n\t\t<\/div>\n\t\t\t\t<\/div>\n\t\t\t\t<\/div>\n\t\t\t\t\t\t<\/div>\n\t\t\t<\/div>\n\t\t<\/div>\n\t\t\t\t\t\t<\/div>\n\t\t\t<\/div>\n\t\t<\/section>\n\t\t\t\t<section class=\"elementor-element elementor-element-b1c76ef elementor-section-boxed elementor-section-gap-beside-yes elementor-section-height-default elementor-section-height-default elementor-section-column-vertical-align-stretch elementor-section elementor-top-section\" data-id=\"b1c76ef\" data-element_type=\"section\">\n\t\t\t\t\t\t<div class=\"elementor-container elementor-column-gap-extended\">\n\t\t\t\t<div class=\"elementor-row\">\n\t\t\t\t<div class=\"elementor-element elementor-element-c6ba5e6 elementor-column elementor-col-100 elementor-top-column\" data-id=\"c6ba5e6\" data-element_type=\"column\">\n\t\t\t<div class=\"elementor-column-wrap  elementor-element-populated\">\n\t\t\t\t\t<div class=\"elementor-widget-wrap\">\n\t\t\t\t<div class=\"elementor-element elementor-element-3d17941 elementor-widget elementor-widget-heading\" data-id=\"3d17941\" data-element_type=\"widget\" data-widget_type=\"heading.default\">\n\t\t\t\t<div class=\"elementor-widget-container\">\n\t\t\t<h5 class=\"elementor-heading-title elementor-size-default\">Leyenda de la Guardia del Monte\n\n(Romance en rojo escarlata)<\/h5>\t\t<\/div>\n\t\t\t\t<\/div>\n\t\t\t\t\t\t<\/div>\n\t\t\t<\/div>\n\t\t<\/div>\n\t\t\t\t\t\t<\/div>\n\t\t\t<\/div>\n\t\t<\/section>\n\t\t\t\t<section class=\"elementor-element elementor-element-da80362 elementor-section-boxed elementor-section-gap-beside-yes elementor-section-height-default elementor-section-height-default elementor-section-column-vertical-align-stretch elementor-section elementor-top-section\" data-id=\"da80362\" data-element_type=\"section\">\n\t\t\t\t\t\t<div class=\"elementor-container elementor-column-gap-extended\">\n\t\t\t\t<div class=\"elementor-row\">\n\t\t\t\t<div class=\"elementor-element elementor-element-75782c3 elementor-column elementor-col-100 elementor-top-column\" data-id=\"75782c3\" data-element_type=\"column\">\n\t\t\t<div class=\"elementor-column-wrap  elementor-element-populated\">\n\t\t\t\t\t<div class=\"elementor-widget-wrap\">\n\t\t\t\t<div class=\"elementor-element elementor-element-2ecf0b0 elementor-widget elementor-widget-spacer\" data-id=\"2ecf0b0\" data-element_type=\"widget\" data-widget_type=\"spacer.default\">\n\t\t\t\t<div class=\"elementor-widget-container\">\n\t\t\t\t\t<div class=\"elementor-spacer\">\n\t\t\t<div class=\"elementor-spacer-inner\"><\/div>\n\t\t<\/div>\n\t\t\t\t<\/div>\n\t\t\t\t<\/div>\n\t\t\t\t\t\t<\/div>\n\t\t\t<\/div>\n\t\t<\/div>\n\t\t\t\t\t\t<\/div>\n\t\t\t<\/div>\n\t\t<\/section>\n\t\t\t\t<section class=\"elementor-element elementor-element-93dbb1e elementor-section-boxed elementor-section-gap-beside-yes elementor-section-height-default elementor-section-height-default elementor-section-column-vertical-align-stretch elementor-section elementor-top-section\" data-id=\"93dbb1e\" data-element_type=\"section\">\n\t\t\t\t\t\t<div class=\"elementor-container elementor-column-gap-extended\">\n\t\t\t\t<div class=\"elementor-row\">\n\t\t\t\t<div class=\"elementor-element elementor-element-05e6f7d elementor-column elementor-col-100 elementor-top-column\" data-id=\"05e6f7d\" data-element_type=\"column\">\n\t\t\t<div class=\"elementor-column-wrap  elementor-element-populated\">\n\t\t\t\t\t<div class=\"elementor-widget-wrap\">\n\t\t\t\t<div class=\"elementor-element elementor-element-ac5d747 elementor-widget elementor-widget-html\" data-id=\"ac5d747\" data-element_type=\"widget\" data-widget_type=\"html.default\">\n\t\t\t\t<div class=\"elementor-widget-container\">\n\t\t\t<center>\r\nCon los rostros colorados\r\n<br>\r\naullando en feroz jaur\u00eda\r\n<br>\r\nsobre el Fort\u00edn fatigado\r\n<br>\r\npor tantos soles quemantes\r\n<br>\r\nen \u00e9se ardiente verano\r\n<br>\r\nque abrasaba en cruel lujuria\r\n<br>\r\nde los soldados, los \u00e1nimos.\r\n<br>\r\nSabe el b\u00e1rbaro que tiene\r\n<br>\r\nen la laguna un aliado:\r\n<br>\r\nes el rojo G\u00fcecub\u00fa\r\n<br>\r\ndel demonio, digno enviado\r\n<br>\r\nsobre las aguas gobierna\r\n<br>\r\ny en su perverso reinado\r\n<br>\r\nha acordado con la Muerte\r\n<br>\r\npacto ladino y taimado.\r\n<br>\r\nPero sabe el miliciano\r\n<br>\r\nde los trajes colorados\r\n<br>\r\nque hay un \u00e1ngel muy valiente\r\n<br>\r\nentre los talas, velando\u2026\r\n<br>\r\nes el Arc\u00e1ngel Miguel,\r\n<br>\r\nqui\u00e9n el Creador ha mandado\r\n<br>\r\npara echar al G\u00fcecub\u00fa\r\n<br>\r\npara siempre de estos lados.\r\n<br>\r\nEl amanecer encuentra\r\n<br>\r\ndentro del Fuerte, tirados\u2026\r\n<br>\r\nen rojo ba\u00f1o de sangre\r\n<br>\r\nlos cuerpos de los soldados.\r\n<br>\r\nY la Estrella de Bel\u00e9n\r\n<br>\r\ncon San Miguel de la mano,\r\n<br>\r\nescribieron la Leyenda\r\n<br>\r\nque representa a estos pagos:\r\n<br>\r\n\u201cLos soldados que salieron\r\n<br>\r\npor el desierto, buscando\r\n<br>\r\nal salvaje, no se sabe\r\n<br>\r\nqu\u00e9 destinos encontraron\u2026\r\n<br>\r\nEn el lugar s\u00f3lo hab\u00eda\r\n<br>\r\nun gran poncho colorado\r\n<br>\r\ny al levantarlo sangrientas\r\n<br>\r\nmargaritas\u2026 estallaron.\r\n<br>\r\n<\/center>\t\t<\/div>\n\t\t\t\t<\/div>\n\t\t\t\t\t\t<\/div>\n\t\t\t<\/div>\n\t\t<\/div>\n\t\t\t\t\t\t<\/div>\n\t\t\t<\/div>\n\t\t<\/section>\n\t\t\t\t<section class=\"elementor-element elementor-element-acd6343 elementor-section-boxed elementor-section-gap-beside-yes elementor-section-height-default elementor-section-height-default elementor-section-column-vertical-align-stretch elementor-section elementor-top-section\" data-id=\"acd6343\" data-element_type=\"section\">\n\t\t\t\t\t\t<div class=\"elementor-container elementor-column-gap-extended\">\n\t\t\t\t<div class=\"elementor-row\">\n\t\t\t\t<div class=\"elementor-element elementor-element-765a5d6 elementor-column elementor-col-100 elementor-top-column\" data-id=\"765a5d6\" data-element_type=\"column\">\n\t\t\t<div class=\"elementor-column-wrap  elementor-element-populated\">\n\t\t\t\t\t<div class=\"elementor-widget-wrap\">\n\t\t\t\t<div class=\"elementor-element elementor-element-6eef064 elementor-widget elementor-widget-text-editor\" data-id=\"6eef064\" data-element_type=\"widget\" data-widget_type=\"text-editor.default\">\n\t\t\t\t<div class=\"elementor-widget-container\">\n\t\t\t\t\t<div class=\"elementor-text-editor elementor-clearfix\"><p><\/p>\n<p><strong><u>&nbsp;<\/u><\/strong><\/p>\n<p><strong><u>Cristina Vazconcelo de Moscoloni<\/u><\/strong><\/p>\n<p>Esta es la leyenda sintetizada en poes\u00eda (o reelaborada) de lo que aconteci\u00f3 por los pagos de la Guardia del Monte, all\u00e1 por 1.778, cuando se supone que un mal\u00f3n venido misteriosamente, hizo una masacre con los soldados que quedaron en el fuerte, la Navidad se ti\u00f1\u00f3 de rojo con la sangre de este ej\u00e9rcito. Recordemos que la actual ciudad de San Miguel del Monte fue, en aquellos tiempos, el final de la l\u00ednea de fortines. Por esa raz\u00f3n la mayor\u00eda de los soldados bajo el mando del Alf\u00e9rez Santos Molina, hab\u00edan salido tras las huellas de los salvajes. Dicen que una luz muy poderosa se alzaba sobre una isla, en medio de un montecito de talas: era San Miguel Arc\u00e1ngel que arroj\u00f3 al&nbsp;G\u00fcecub\u00fa (demonio de la laguna) para siempre de los pagos del Monte. La autora declara que tom\u00f3 algunas libertades literarias.<\/p><\/div>\n\t\t\t\t<\/div>\n\t\t\t\t<\/div>\n\t\t\t\t\t\t<\/div>\n\t\t\t<\/div>\n\t\t<\/div>\n\t\t\t\t\t\t<\/div>\n\t\t\t<\/div>\n\t\t<\/section>\n\t\t\t\t<section class=\"elementor-element elementor-element-a7b39e8 elementor-section-boxed elementor-section-gap-beside-yes elementor-section-height-default elementor-section-height-default elementor-section-column-vertical-align-stretch elementor-section elementor-top-section\" data-id=\"a7b39e8\" data-element_type=\"section\">\n\t\t\t\t\t\t<div class=\"elementor-container elementor-column-gap-extended\">\n\t\t\t\t<div class=\"elementor-row\">\n\t\t\t\t<div class=\"elementor-element elementor-element-bbc0a59 elementor-column elementor-col-100 elementor-top-column\" data-id=\"bbc0a59\" data-element_type=\"column\">\n\t\t\t<div class=\"elementor-column-wrap  elementor-element-populated\">\n\t\t\t\t\t<div class=\"elementor-widget-wrap\">\n\t\t\t\t<div class=\"elementor-element elementor-element-2d5cc06 elementor-widget elementor-widget-spacer\" data-id=\"2d5cc06\" data-element_type=\"widget\" data-widget_type=\"spacer.default\">\n\t\t\t\t<div class=\"elementor-widget-container\">\n\t\t\t\t\t<div class=\"elementor-spacer\">\n\t\t\t<div class=\"elementor-spacer-inner\"><\/div>\n\t\t<\/div>\n\t\t\t\t<\/div>\n\t\t\t\t<\/div>\n\t\t\t\t\t\t<\/div>\n\t\t\t<\/div>\n\t\t<\/div>\n\t\t\t\t\t\t<\/div>\n\t\t\t<\/div>\n\t\t<\/section>\n\t\t\t\t<section class=\"elementor-element elementor-element-0aa6e16 elementor-section-boxed elementor-section-gap-beside-yes elementor-section-height-default elementor-section-height-default elementor-section-column-vertical-align-stretch elementor-section elementor-top-section\" data-id=\"0aa6e16\" data-element_type=\"section\">\n\t\t\t\t\t\t<div class=\"elementor-container elementor-column-gap-extended\">\n\t\t\t\t<div class=\"elementor-row\">\n\t\t\t\t<div class=\"elementor-element elementor-element-a693e59 elementor-column elementor-col-100 elementor-top-column\" data-id=\"a693e59\" data-element_type=\"column\">\n\t\t\t<div class=\"elementor-column-wrap  elementor-element-populated\">\n\t\t\t\t\t<div class=\"elementor-widget-wrap\">\n\t\t\t\t<div class=\"elementor-element elementor-element-1ad8396 elementor-widget elementor-widget-image\" data-id=\"1ad8396\" data-element_type=\"widget\" data-widget_type=\"image.default\">\n\t\t\t\t<div class=\"elementor-widget-container\">\n\t\t\t\t\t<div class=\"elementor-image\">\n\t\t\t\t\t\t\t\t\t\t<img width=\"640\" height=\"824\" src=\"https:\/\/monte.gob.ar\/institutosuperior\/wp-content\/uploads\/2020\/11\/imagen-gueicubu-795x1024.jpeg\" class=\"attachment-large size-large\" alt=\"\" loading=\"lazy\" srcset=\"https:\/\/monte.gob.ar\/institutosuperior\/wp-content\/uploads\/2020\/11\/imagen-gueicubu-795x1024.jpeg 795w, https:\/\/monte.gob.ar\/institutosuperior\/wp-content\/uploads\/2020\/11\/imagen-gueicubu-233x300.jpeg 233w, https:\/\/monte.gob.ar\/institutosuperior\/wp-content\/uploads\/2020\/11\/imagen-gueicubu-768x990.jpeg 768w, https:\/\/monte.gob.ar\/institutosuperior\/wp-content\/uploads\/2020\/11\/imagen-gueicubu.jpeg 890w\" sizes=\"(max-width: 640px) 100vw, 640px\" \/>\t\t\t\t\t\t\t\t\t\t\t<\/div>\n\t\t\t\t<\/div>\n\t\t\t\t<\/div>\n\t\t\t\t\t\t<\/div>\n\t\t\t<\/div>\n\t\t<\/div>\n\t\t\t\t\t\t<\/div>\n\t\t\t<\/div>\n\t\t<\/section>\n\t\t\t\t<section class=\"elementor-element elementor-element-859a4c5 elementor-section-boxed elementor-section-gap-beside-yes elementor-section-height-default elementor-section-height-default elementor-section-column-vertical-align-stretch elementor-section elementor-top-section\" data-id=\"859a4c5\" data-element_type=\"section\">\n\t\t\t\t\t\t<div class=\"elementor-container elementor-column-gap-extended\">\n\t\t\t\t<div class=\"elementor-row\">\n\t\t\t\t<div class=\"elementor-element elementor-element-fb11172 elementor-column elementor-col-100 elementor-top-column\" data-id=\"fb11172\" data-element_type=\"column\">\n\t\t\t<div class=\"elementor-column-wrap  elementor-element-populated\">\n\t\t\t\t\t<div class=\"elementor-widget-wrap\">\n\t\t\t\t<div class=\"elementor-element elementor-element-246748b elementor-widget elementor-widget-text-editor\" data-id=\"246748b\" data-element_type=\"widget\" data-widget_type=\"text-editor.default\">\n\t\t\t\t<div class=\"elementor-widget-container\">\n\t\t\t\t\t<div class=\"elementor-text-editor elementor-clearfix\"><p style=\"text-align: center;\"><strong>Ilustraciones Profesor Javier Ulke.<\/strong><\/p><\/div>\n\t\t\t\t<\/div>\n\t\t\t\t<\/div>\n\t\t\t\t\t\t<\/div>\n\t\t\t<\/div>\n\t\t<\/div>\n\t\t\t\t\t\t<\/div>\n\t\t\t<\/div>\n\t\t<\/section>\n\t\t\t\t\t\t<\/div>\n\t\t\t<\/div>\n\t\t<\/div>\n\t\t","protected":false},"excerpt":{"rendered":"<p>Leyenda de la Guardia del Monte (Romance en rojo escarlata) Con los rostros colorados aullando en feroz jaur\u00eda sobre el Fort\u00edn fatigado por tantos soles quemantes en \u00e9se ardiente verano que abrasaba en cruel lujuria de los soldados, los \u00e1nimos. Sabe el b\u00e1rbaro que tiene en la laguna un aliado: es el rojo G\u00fcecub\u00fa del demonio, digno enviado sobre las aguas gobierna y en su perverso reinado ha acordado con la Muerte pacto ladino y taimado. Pero sabe el miliciano de los trajes colorados que hay un \u00e1ngel muy valiente entre los talas, velando\u2026 es el Arc\u00e1ngel Miguel, qui\u00e9n el Creador ha mandado para echar al G\u00fcecub\u00fa para siempre de estos lados. El amanecer encuentra dentro del Fuerte, tirados\u2026 en rojo ba\u00f1o de sangre los cuerpos de los soldados. Y la Estrella de Bel\u00e9n con San Miguel de la mano, escribieron la Leyenda que representa a estos pagos: \u201cLos soldados que salieron por el desierto, buscando al salvaje, no se sabe qu\u00e9 destinos encontraron\u2026 En el lugar s\u00f3lo hab\u00eda un gran poncho colorado y al levantarlo sangrientas margaritas\u2026 estallaron. \u00a0 Cristina Vazconcelo de Moscoloni Esta es la leyenda sintetizada en poes\u00eda (o reelaborada) de lo que aconteci\u00f3 por los pagos de la Guardia del Monte, all\u00e1 por 1.778, cuando se supone que un mal\u00f3n venido misteriosamente, hizo una masacre con los soldados que quedaron en el fuerte, la Navidad se ti\u00f1\u00f3 de rojo con la sangre de este ej\u00e9rcito. Recordemos que la actual ciudad de San Miguel del Monte fue, en aquellos tiempos, el final de la l\u00ednea de fortines. Por esa raz\u00f3n la mayor\u00eda de los soldados bajo el mando del Alf\u00e9rez Santos Molina, hab\u00edan salido tras las huellas de los salvajes. Dicen que una luz muy poderosa se alzaba sobre una isla, en medio de un montecito de talas: era San Miguel Arc\u00e1ngel que arroj\u00f3 al\u00a0G\u00fcecub\u00fa (demonio de la laguna) para siempre de los pagos del Monte. La autora declara que tom\u00f3 algunas libertades literarias. Ilustraciones Profesor Javier Ulke.<\/p>\n","protected":false},"author":2,"featured_media":0,"parent":0,"menu_order":0,"comment_status":"closed","ping_status":"closed","template":"","meta":[],"_links":{"self":[{"href":"https:\/\/monte.gob.ar\/institutosuperior\/wp-json\/wp\/v2\/pages\/24848"}],"collection":[{"href":"https:\/\/monte.gob.ar\/institutosuperior\/wp-json\/wp\/v2\/pages"}],"about":[{"href":"https:\/\/monte.gob.ar\/institutosuperior\/wp-json\/wp\/v2\/types\/page"}],"author":[{"embeddable":true,"href":"https:\/\/monte.gob.ar\/institutosuperior\/wp-json\/wp\/v2\/users\/2"}],"replies":[{"embeddable":true,"href":"https:\/\/monte.gob.ar\/institutosuperior\/wp-json\/wp\/v2\/comments?post=24848"}],"version-history":[{"count":33,"href":"https:\/\/monte.gob.ar\/institutosuperior\/wp-json\/wp\/v2\/pages\/24848\/revisions"}],"predecessor-version":[{"id":27436,"href":"https:\/\/monte.gob.ar\/institutosuperior\/wp-json\/wp\/v2\/pages\/24848\/revisions\/27436"}],"wp:attachment":[{"href":"https:\/\/monte.gob.ar\/institutosuperior\/wp-json\/wp\/v2\/media?parent=24848"}],"curies":[{"name":"wp","href":"https:\/\/api.w.org\/{rel}","templated":true}]}}