{"id":24815,"date":"2020-10-21T00:53:24","date_gmt":"2020-10-21T03:53:24","guid":{"rendered":"http:\/\/monte.gob.ar\/institutosuperior\/?page_id=24815"},"modified":"2021-12-22T12:09:36","modified_gmt":"2021-12-22T15:09:36","slug":"museo-guardia-del-monte","status":"publish","type":"page","link":"https:\/\/monte.gob.ar\/institutosuperior\/museo-guardia-del-monte\/","title":{"rendered":"Museo Guardia del Monte"},"content":{"rendered":"\t\t<div data-elementor-type=\"wp-page\" data-elementor-id=\"24815\" class=\"elementor elementor-24815\" data-elementor-settings=\"[]\">\n\t\t\t<div class=\"elementor-inner\">\n\t\t\t\t<div class=\"elementor-section-wrap\">\n\t\t\t\t\t\t\t<section class=\"elementor-element elementor-element-4daf6b0 elementor-section-boxed elementor-section-gap-beside-yes elementor-section-height-default elementor-section-height-default elementor-section-column-vertical-align-stretch elementor-section elementor-top-section\" data-id=\"4daf6b0\" data-element_type=\"section\">\n\t\t\t\t\t\t<div class=\"elementor-container elementor-column-gap-extended\">\n\t\t\t\t<div class=\"elementor-row\">\n\t\t\t\t<div class=\"elementor-element elementor-element-b05d571 elementor-column elementor-col-100 elementor-top-column\" data-id=\"b05d571\" data-element_type=\"column\">\n\t\t\t<div class=\"elementor-column-wrap  elementor-element-populated\">\n\t\t\t\t\t<div class=\"elementor-widget-wrap\">\n\t\t\t\t<div class=\"elementor-element elementor-element-73f767d elementor-widget elementor-widget-image\" data-id=\"73f767d\" data-element_type=\"widget\" data-widget_type=\"image.default\">\n\t\t\t\t<div class=\"elementor-widget-container\">\n\t\t\t\t\t<div class=\"elementor-image\">\n\t\t\t\t\t\t\t\t\t\t<img width=\"640\" height=\"357\" src=\"https:\/\/monte.gob.ar\/institutosuperior\/wp-content\/uploads\/2020\/11\/DSC_0092-768x428.jpg\" class=\"attachment-medium_large size-medium_large\" alt=\"\" loading=\"lazy\" srcset=\"https:\/\/monte.gob.ar\/institutosuperior\/wp-content\/uploads\/2020\/11\/DSC_0092-768x428.jpg 768w, https:\/\/monte.gob.ar\/institutosuperior\/wp-content\/uploads\/2020\/11\/DSC_0092-300x167.jpg 300w, https:\/\/monte.gob.ar\/institutosuperior\/wp-content\/uploads\/2020\/11\/DSC_0092-1024x571.jpg 1024w, https:\/\/monte.gob.ar\/institutosuperior\/wp-content\/uploads\/2020\/11\/DSC_0092-1536x857.jpg 1536w, https:\/\/monte.gob.ar\/institutosuperior\/wp-content\/uploads\/2020\/11\/DSC_0092-2048x1142.jpg 2048w\" sizes=\"(max-width: 640px) 100vw, 640px\" \/>\t\t\t\t\t\t\t\t\t\t\t<\/div>\n\t\t\t\t<\/div>\n\t\t\t\t<\/div>\n\t\t\t\t\t\t<\/div>\n\t\t\t<\/div>\n\t\t<\/div>\n\t\t\t\t\t\t<\/div>\n\t\t\t<\/div>\n\t\t<\/section>\n\t\t\t\t<section class=\"elementor-element elementor-element-4aa873f elementor-section-boxed elementor-section-gap-beside-yes elementor-section-height-default elementor-section-height-default elementor-section-column-vertical-align-stretch elementor-section elementor-top-section\" data-id=\"4aa873f\" data-element_type=\"section\">\n\t\t\t\t\t\t<div class=\"elementor-container elementor-column-gap-extended\">\n\t\t\t\t<div class=\"elementor-row\">\n\t\t\t\t<div class=\"elementor-element elementor-element-b857c29 elementor-column elementor-col-100 elementor-top-column\" data-id=\"b857c29\" data-element_type=\"column\">\n\t\t\t<div class=\"elementor-column-wrap  elementor-element-populated\">\n\t\t\t\t\t<div class=\"elementor-widget-wrap\">\n\t\t\t\t<div class=\"elementor-element elementor-element-71dab70 elementor-widget elementor-widget-text-editor\" data-id=\"71dab70\" data-element_type=\"widget\" data-widget_type=\"text-editor.default\">\n\t\t\t\t<div class=\"elementor-widget-container\">\n\t\t\t\t\t<div class=\"elementor-text-editor elementor-clearfix\"><p style=\"text-align: center;\"><em>Museo Municipal Guardia del Monte, provisto de piezas y archivos de gran relevancia que brindan un paneo general de la construcci\u00f3n hist\u00f3rica de la ciudad.<\/em><\/p><p style=\"text-align: center;\">\u00a0<\/p><p style=\"text-align: center;\">Ubicados donde tradicionalmente conocemos como \u201ccasco hist\u00f3rico\u201d, el Museo Guardia del Monte y la Reliquia Hist\u00f3rica Rancho Juan Manuel de Rosas integran desde los inicios del a\u00f1o 2008,\u00a0por iniciativa de la Direcci\u00f3n de Cultura y Educaci\u00f3n de la Municipalidad de Monte, un \u201cComplejo\u201d de alto valor patrimonial, hist\u00f3rico y cultural.<\/p><p style=\"text-align: center;\">Organizado a partir de grandes etapas, en su interior, el visitante podr\u00e1 apreciar el r\u00fastico y sencillo origen de la \u201cGuardia del Monte\u201d, all\u00e1 por 1779 y sus aportes al proceso independentista; el peso de la presencia de un caudillo terrateniente como fue Don Juan Manuel de Rosas y la influencia que ejerci\u00f3 sobre la regi\u00f3n, desde su Estancia \u201cLos Cerrillos\u201d. Entre caudillos y confrontaciones apasionadas aparecen lentamente los tiempos de la \u201cOrganizaci\u00f3n Nacional\u201d.<\/p><p style=\"text-align: center;\">Todo enriquecido con aportes de las familias de la localidad, que han facilitado sus m\u00e1s preciados recuerdos, permitiendo recomponer la diversidad y la riqueza de la vida cotidiana. \u201dSi hay lugares que llegan hasta el alma, Monte es uno de ellos&#8230;\u201d<\/p><p>\u00a0<\/p><\/div>\n\t\t\t\t<\/div>\n\t\t\t\t<\/div>\n\t\t\t\t\t\t<\/div>\n\t\t\t<\/div>\n\t\t<\/div>\n\t\t\t\t\t\t<\/div>\n\t\t\t<\/div>\n\t\t<\/section>\n\t\t\t\t<section class=\"elementor-element elementor-element-b19a09e elementor-section-boxed elementor-section-gap-beside-yes elementor-section-height-default elementor-section-height-default elementor-section-column-vertical-align-stretch elementor-section elementor-top-section\" data-id=\"b19a09e\" data-element_type=\"section\">\n\t\t\t\t\t\t<div class=\"elementor-container elementor-column-gap-extended\">\n\t\t\t\t<div class=\"elementor-row\">\n\t\t\t\t<div class=\"elementor-element elementor-element-146acdd elementor-column elementor-col-100 elementor-top-column\" data-id=\"146acdd\" data-element_type=\"column\">\n\t\t\t<div class=\"elementor-column-wrap  elementor-element-populated\">\n\t\t\t\t\t<div class=\"elementor-widget-wrap\">\n\t\t\t\t<div class=\"elementor-element elementor-element-b58ce42 elementor-arrows-position-inside elementor-pagination-position-outside elementor-widget elementor-widget-image-carousel\" data-id=\"b58ce42\" data-element_type=\"widget\" data-settings=\"{&quot;slides_to_show&quot;:&quot;1&quot;,&quot;navigation&quot;:&quot;both&quot;,&quot;autoplay&quot;:&quot;yes&quot;,&quot;pause_on_hover&quot;:&quot;yes&quot;,&quot;pause_on_interaction&quot;:&quot;yes&quot;,&quot;autoplay_speed&quot;:5000,&quot;infinite&quot;:&quot;yes&quot;,&quot;effect&quot;:&quot;slide&quot;,&quot;speed&quot;:500,&quot;direction&quot;:&quot;ltr&quot;}\" data-widget_type=\"image-carousel.default\">\n\t\t\t\t<div class=\"elementor-widget-container\">\n\t\t\t\t\t<div class=\"elementor-image-carousel-wrapper swiper-container\" dir=\"ltr\">\n\t\t\t<div class=\"elementor-image-carousel swiper-wrapper\">\n\t\t\t\t<div class=\"swiper-slide\"><figure class=\"swiper-slide-inner\"><img class=\"swiper-slide-image\" src=\"https:\/\/monte.gob.ar\/institutosuperior\/wp-content\/uploads\/2020\/11\/DSC_0089-1024x534.jpg\" alt=\"Museo municipal Guardia del Monte. Complejo de alto valor patrimonial hist\u00f3rico y cultural.\" \/><figcaption class=\"elementor-image-carousel-caption\">Museo municipal Guardia del Monte. Complejo de alto valor patrimonial hist\u00f3rico y cultural.<\/figcaption><\/figure><\/div><div class=\"swiper-slide\"><figure class=\"swiper-slide-inner\"><img class=\"swiper-slide-image\" src=\"https:\/\/monte.gob.ar\/institutosuperior\/wp-content\/uploads\/2020\/11\/DSC_0092-1-1024x571.jpg\" alt=\"DSC_0092\" \/><\/figure><\/div><div class=\"swiper-slide\"><figure class=\"swiper-slide-inner\"><img class=\"swiper-slide-image\" src=\"https:\/\/monte.gob.ar\/institutosuperior\/wp-content\/uploads\/2020\/11\/museo-4-1.jpg\" alt=\"museo 4 (1)\" \/><\/figure><\/div><div class=\"swiper-slide\"><figure class=\"swiper-slide-inner\"><img class=\"swiper-slide-image\" src=\"https:\/\/monte.gob.ar\/institutosuperior\/wp-content\/uploads\/2020\/11\/museo.png\" alt=\"museo\" \/><\/figure><\/div><div class=\"swiper-slide\"><figure class=\"swiper-slide-inner\"><img class=\"swiper-slide-image\" src=\"https:\/\/monte.gob.ar\/institutosuperior\/wp-content\/uploads\/2020\/11\/museo-5-1.jpg\" alt=\"museo 5 (1)\" \/><\/figure><\/div><div class=\"swiper-slide\"><figure class=\"swiper-slide-inner\"><img class=\"swiper-slide-image\" src=\"https:\/\/monte.gob.ar\/institutosuperior\/wp-content\/uploads\/2020\/11\/museo-1-1.jpg\" alt=\"museo 1 (1)\" \/><\/figure><\/div><div class=\"swiper-slide\"><figure class=\"swiper-slide-inner\"><img class=\"swiper-slide-image\" src=\"https:\/\/monte.gob.ar\/institutosuperior\/wp-content\/uploads\/2020\/11\/museo-2-1.jpg\" alt=\"museo 2 (1)\" \/><\/figure><\/div><div class=\"swiper-slide\"><figure class=\"swiper-slide-inner\"><img class=\"swiper-slide-image\" src=\"https:\/\/monte.gob.ar\/institutosuperior\/wp-content\/uploads\/2020\/11\/museo-6-1.jpg\" alt=\"museo 6 (1)\" \/><\/figure><\/div><div class=\"swiper-slide\"><figure class=\"swiper-slide-inner\"><img class=\"swiper-slide-image\" src=\"https:\/\/monte.gob.ar\/institutosuperior\/wp-content\/uploads\/2020\/11\/museo-7-1.jpg\" alt=\"museo 7 (1)\" \/><\/figure><\/div><div class=\"swiper-slide\"><figure class=\"swiper-slide-inner\"><img class=\"swiper-slide-image\" src=\"https:\/\/monte.gob.ar\/institutosuperior\/wp-content\/uploads\/2020\/11\/museo-8-1.jpg\" alt=\"museo 8 (1)\" \/><\/figure><\/div>\t\t\t<\/div>\n\t\t\t\t\t\t\t\t\t\t\t\t<div class=\"swiper-pagination\"><\/div>\n\t\t\t\t\t\t\t\t\t\t\t\t\t<div class=\"elementor-swiper-button elementor-swiper-button-prev\">\n\t\t\t\t\t\t<i class=\"eicon-chevron-left\" aria-hidden=\"true\"><\/i>\n\t\t\t\t\t\t<span class=\"elementor-screen-only\">Anterior<\/span>\n\t\t\t\t\t<\/div>\n\t\t\t\t\t<div class=\"elementor-swiper-button elementor-swiper-button-next\">\n\t\t\t\t\t\t<i class=\"eicon-chevron-right\" aria-hidden=\"true\"><\/i>\n\t\t\t\t\t\t<span class=\"elementor-screen-only\">Siguiente<\/span>\n\t\t\t\t\t<\/div>\n\t\t\t\t\t\t\t\t\t<\/div>\n\t\t\t\t<\/div>\n\t\t\t\t<\/div>\n\t\t\t\t\t\t<\/div>\n\t\t\t<\/div>\n\t\t<\/div>\n\t\t\t\t\t\t<\/div>\n\t\t\t<\/div>\n\t\t<\/section>\n\t\t\t\t\t\t<\/div>\n\t\t\t<\/div>\n\t\t<\/div>\n\t\t","protected":false},"excerpt":{"rendered":"<p>Museo Municipal Guardia del Monte, provisto de piezas y archivos de gran relevancia que brindan un paneo general de la construcci\u00f3n hist\u00f3rica de la ciudad. Ubicados donde tradicionalmente conocemos como \u201ccasco hist\u00f3rico\u201d, el Museo Guardia del Monte y la Reliquia Hist\u00f3rica Rancho Juan Manuel de Rosas integran desde los inicios del a\u00f1o 2008,\u00a0por iniciativa de la Direcci\u00f3n de Cultura y Educaci\u00f3n de la Municipalidad de Monte, un \u201cComplejo\u201d de alto valor patrimonial, hist\u00f3rico y cultural. Organizado a partir de grandes etapas, en su interior, el visitante podr\u00e1 apreciar el r\u00fastico y sencillo origen de la \u201cGuardia del Monte\u201d, all\u00e1 por 1779 y sus aportes al proceso independentista; el peso de la presencia de un caudillo terrateniente como fue Don Juan Manuel de Rosas y la influencia que ejerci\u00f3 sobre la regi\u00f3n, desde su Estancia \u201cLos Cerrillos\u201d. Entre caudillos y confrontaciones apasionadas aparecen lentamente los tiempos de la \u201cOrganizaci\u00f3n Nacional\u201d. Todo enriquecido con aportes de las familias de la localidad, que han facilitado sus m\u00e1s preciados recuerdos, permitiendo recomponer la diversidad y la riqueza de la vida cotidiana. \u201dSi hay lugares que llegan hasta el alma, Monte es uno de ellos&#8230;\u201d Museo municipal Guardia del Monte. Complejo de alto valor patrimonial hist\u00f3rico y cultural. Anterior Siguiente<\/p>\n","protected":false},"author":2,"featured_media":0,"parent":0,"menu_order":0,"comment_status":"closed","ping_status":"closed","template":"","meta":[],"_links":{"self":[{"href":"https:\/\/monte.gob.ar\/institutosuperior\/wp-json\/wp\/v2\/pages\/24815"}],"collection":[{"href":"https:\/\/monte.gob.ar\/institutosuperior\/wp-json\/wp\/v2\/pages"}],"about":[{"href":"https:\/\/monte.gob.ar\/institutosuperior\/wp-json\/wp\/v2\/types\/page"}],"author":[{"embeddable":true,"href":"https:\/\/monte.gob.ar\/institutosuperior\/wp-json\/wp\/v2\/users\/2"}],"replies":[{"embeddable":true,"href":"https:\/\/monte.gob.ar\/institutosuperior\/wp-json\/wp\/v2\/comments?post=24815"}],"version-history":[{"count":10,"href":"https:\/\/monte.gob.ar\/institutosuperior\/wp-json\/wp\/v2\/pages\/24815\/revisions"}],"predecessor-version":[{"id":27431,"href":"https:\/\/monte.gob.ar\/institutosuperior\/wp-json\/wp\/v2\/pages\/24815\/revisions\/27431"}],"wp:attachment":[{"href":"https:\/\/monte.gob.ar\/institutosuperior\/wp-json\/wp\/v2\/media?parent=24815"}],"curies":[{"name":"wp","href":"https:\/\/api.w.org\/{rel}","templated":true}]}}